q)?
-13
Let l = -4 - 0. Let v = -22 + 16. Let q = v - l. Let d(w) = -w**3 - 2*w**2 + 2. Give d(q).
2
Let t(f) = -2*f**3 + f**2 + 3*f - 4. Let d(b) be the first derivative of -5*b**4/4 + b**3 + 7*b**2/2 - 9*b - 4. Let z(w) = -3*d(w) + 7*t(w). What is z(3)?
8
Let f be (-2 + (-10)/(-4))*2. Let y(d) = -5*d - 3. Let p(l) be the third derivative of 5*l**4/24 + 2*l**3/3 + 4*l**2. Let b(r) = -4*p(r) - 5*y(r). What is b(f)?
4
Let x(o) = 2 + 3*o - 4*o + 9 - 9. Determine x(5).
-3
Suppose 53 = -5*n + 63. Let o(w) be the first derivative of 2*w**n + 3 - 4*w - 2*w**3 + 1/4*w**4. Calculate o(5).
-9
Let x(k) be the first derivative of 3*k**2/2 + 6*k - 60. Give x(-4).
-6
Suppose -t = -3*t - 34. Let c(h) = 1 - 20*h**2 + 6*h - 14*h**3 + 5 + 8*h. Let d(z) = -5*z**3 - 7*z**2 + 5*z + 2. Let j(g) = t*d(g) + 6*c(g). Give j(-2).
-8
Let f(v) be the second derivative of v**3/3 - v**2/2 + 5*v. Give f(4).
7
Let p(s) = -s**2 - 6*s - 2. Let u = 2 + 2. Suppose 5*f + u*z = -21, f = -4*f + 4*z + 11. Let m = f + -3. What is p(m)?
6
Suppose -g + 12 = 3*g - x, -4*g + 12 = x. Suppose g*i = -0*i - 15. Let v(q) = -q**3 - 5*q**2 - q - 4. Calculate v(i).
1
Let d(j) = -j**2 + j - 1. Suppose 0 = 5*l - 3 + 18. Let w be (9/6)/(l/(-4)). Let k be w/7 + (-32)/14. Give d(k).
-7
Suppose 31*p = 33*p + 2. Let g(m) = -4 + 4 - 6*m. Give g(p).
6
Let o(z) = z + 4. Suppose -3*m + 19 - 7 = 0. Give o(m).
8
Let l(k) be the first derivative of 2*k**3/3 + k**2 - 2*k + 2. Determine l(-2).
2
Let c = -21 - -36. Suppose y - 4*y = c. Let h(g) = -3*g - g**2 + 0*g + 1 - 3*g. Give h(y).
6
Let y be -5 - (-5 - -5) - -4. Let v(h) = 3*h**3 - 2*h**2 + 1. Determine v(y).
-4
Suppose 7*r - 20 = 3*r. Let f(h) = -h + 6. Give f(r).
1
Let k(q) be the second derivative of q**6/720 - q**4/12 - q. Let w(p) be the third derivative of k(p). What is w(-3)?
-3
Let y = 9 + -11. Let w(k) = 1. Let v(f) = -f + 10. Let s(h) = y*w(h) - v(h). Calculate s(5).
-7
Let v be -1*3 + 2/2. Let t(b) = b + 3. Let u be t(0). Let z(x) = 2*x**u - 5*x - 1 + 2*x**2 + x + 3*x. Give z(v).
-7
Let k(l) be the second derivative of -l**3/6 - l**2 + l. Let s be k(-6). Let d(j) = j**2 - 7*j + 5. Calculate d(s).
-7
Let j be 2*1/(-1 + 2). Let g(l) = 0 - 1 - 7*l - j + 0*l. Determine g(-2).
11
Let h(v) = 2*v - 2*v + v. Let b(i) = -2. Let o(t) = -1. Let n(u) = -b(u) + o(u). Let f(p) = h(p) + n(p). Give f(3).
4
Let s(w) = -4*w**2 + 1. Suppose -55 = -4*o - 51. What is s(o)?
-3
Let u(x) = 5 + 5*x - 4*x - 4. Let g(h) = -2*h - 1. Let y be -1 + 2 + -4 + 0. Let l(r) = y*u(r) - 2*g(r). Calculate l(5).
4
Let o(r) = 2*r - 3*r - 1 - 4 + 3*r. Give o(4).
3
Let z(k) = -7*k + 3. Let x(d) = -d + 1. Let r(o) = 6*x(o) - z(o). Let i be 10 + -2 + -1 + -2. Let y be (6/i)/((-1)/5). What is r(y)?
-3
Let y be 0 - (14/(-5) + (-16)/(-20)). Let a(n) = 0*n**2 + n**2 - 2*n + 0*n**3 - n**3. Give a(y).
-8
Let z(k) = k + 2. Suppose -6*s = -2*s - 8. Give z(s).
4
Let x(r) = 4*r**2 + r. Let p be x(-1). Let c be (p/(-3) - -2) + -1. Let k(n) = -n**2 - n + 4. Calculate k(c).
4
Let p(v) = -2*v - 2. Suppose -3*c = 2 - 5. Suppose -c = 2*w + 7. Calculate p(w).
6
Suppose 0 = 7*n - 4*n. Suppose 5*u - 1 - 24 = n. Suppose -3*y - d = 2, -4*y + 2*y = u*d - 16. Let s(c) = -2*c**2 + 2. Calculate s(y).
-6
Let j(y) be the third derivative of -y**6/120 - y**5/20 + y**4/6 - y**3/2 - 11*y**2. Calculate j(2).
-15
Let h be 2/12 - (-116)/24. Let j(k) = 3*k - 7. Determine j(h).
8
Let b(z) = -z + 0*z + z + 2*z - 2. Give b(3).
4
Let b(n) = n + 2*n**2 - 8*n**2 - 18 + 5*n**2 + 5. What is b(0)?
-13
Let t(p) = -p**3 - 2*p**2 + 4*p + 2. Suppose 2*n = -4*l, -3*n = -n + 5*l - 2. Let q = -4 - n. Suppose -3*f + 3 - 12 = q. Give t(f).
-1
Let h(r) = r**3 + 4*r**2 + r - 1. Let b be h(-3). Let y(s) be the first derivative of -3 - 1/3*s**3 - 3*s + 7/2*s**2. What is y(b)?
7
Let w(k) be the first derivative of 2*k**3/3 + 3*k**2/2 + 3*k - 2. Give w(-2).
5
Let k(i) = -4*i - 2*i**2 - 3 + i**2 - 2. Suppose 5*g = -4*s - 21, 2*s + 3 = -2*g - 5. Determine k(g).
-10
Suppose 10*x + 26 + 4 = 0. Let v(u) = u**3 + 2*u**2 - 4*u - 3. Give v(x).
0
Let m(y) be the first derivative of 3*y**2/2 + 3*y - 8. Give m(3).
12
Let i = 10 - 9. Let a(y) = y**2 + y - 1. Give a(i).
1
Let a(w) = w - 6. Let p be a(9). Suppose 3*m = 4*m - 3. Let h(z) = -2*z**2 - z**3 + z**p + 3*z**m - 4*z**3. Calculate h(-2).
0
Let w(b) = 2*b**3 - 11*b**2 - b + 1. Let m(n) = n**3 - 5*n**2. Let o(l) = 5*m(l) - 2*w(l). Let j be o(2). Let f(z) = -2*z + 2. Give f(j).
6
Let n(a) = -a**3 - 4*a**2 - 5*a - 4. Let u be n(-3). Let c(y) = -4*y + 1 + 4*y**2 - y**3 - u*y**2 + 1. Let f be (-32)/(-14) + (-4)/14. Determine c(f).
-6
Suppose -5*n + 2*j + 21 = 1, -2*n + 3*j + 8 = 0. Let x be 1*(-6 + n) - 5. Let l(v) = -v**3 - 7*v**2 + v + 7. Calculate l(x).
0
Suppose 0 = -2*i - i + 6. Let h = 5 - i. Let c(l) = -6*l**2 + 3*l**2 + 2*l + 0*l + 0*l**2 + l**3. Give c(h).
6
Let m(p) be the third derivative of -p**2 + 1/24*p**4 + 0*p**3 + 0 - 1/30*p**6 + 0*p + 0*p**5. Give m(1).
-3
Let g(y) = -17*y**2 + 9*y + 1. Let i(p) = -6*p**2 + 3*p. Let m(n) = -3*g(n) + 8*i(n). Determine m(-2).
15
Suppose 2*x = 5*b - b + 2, -3*b + 4*x + 11 = 0. Let g(k) = k**2 + 4*k + 4. Calculate g(b).
1
Let g(o) = -o**3 + 2*o**2 - 3*o + 2. Suppose -8 = 7*n - 11*n. Calculate g(n).
-4
Suppose -3*l = 5*a + 35, 2*a + 12 = 3*l - 23. Let h = a + 15. Let n(d) be the second derivative of -d**5/20 + d**4/3 + d**3 + d**2/2 - d. Give n(h).
6
Let t(f) = 1. Let o(w) = -2*w + 4. Let v(p) = -o(p) + 5*t(p). What is v(1)?
3
Suppose -4*f - 14 = -3*f + 3*x, 0 = 4*f + 5*x + 42. Let v(i) = i + 10. Calculate v(f).
2
Let y(a) be the second derivative of -2/3*a**3 - 4*a + 1/24*a**4 + 1/120*a**5 + 0 + 0*a**2. Let f(i) be the second derivative of y(i). Give f(-5).
-4
Let g(p) be the third derivative of -p**5/30 - p**4/8 - p**3/3 - 16*p**2. Calculate g(-2).
-4
Let q = -12 - -12. Let m(v) = -2 + q*v - v**2 + 3*v + 5 + v. Let n be (-4)/(-3)*(0 - -3). What is m(n)?
3
Let a(x) be the first derivative of -x**4/4 - 4*x**3/3 + 2*x**2 + 5*x + 6. Calculate a(-4).
-11
Let y(v) = -7*v**3 + 3*v**2 - 8*v + 2. Let k(c) = -6*c**3 + 2*c**2 - 7*c + 1. Let m(s) = 6*k(s) - 5*y(s). Determine m(-3).
2
Suppose 4*c + n - 7 = 0, -2*n + 4*n = -3*c + 4. Let d(m) = -1 - m**2 - 3 + 3*m**c - m**2. What is d(-3)?
5
Let i(q) be the third derivative of q**6/120 + q**5/12 + q**4/24 + q**3/3 - 11*q**2. Calculate i(-5).
-3
Suppose -5*h = -2*h. Suppose -18 = -5*z - 4*d, 2*z + d + 2 - 8 = 0. Let c(t) = h*t + 5*t + z - 2*t. Determine c(-2).
-4
Let o(r) be the first derivative of r**5/20 + r**4/4 + r**3/6 + 3*r**2/2 + 2*r - 3. Let z(u) be the first derivative of o(u). Give z(-3).
0
Let q(a) = 26*a**2 + 16*a - 1 - 25*a**2 - 12*a. Give q(-3).
-4
Let v(c) = 3*c + 1. Suppose 11*a - 5*m + 25 = 6*a, 5*m = 0. Let s be (-14)/a - (-2)/10. Suppose 5*o - 1 = 3*p - 17, o - s*p + 8 = 0. What is v(o)?
-5
Let i(w) = -w - 7. Suppose -2*j + 15 = -5*l, 5*j - 2*l = -4*l - 35. What is i(j)?
-2
Let a(z) = 2*z. Suppose -5*g + 6*o - 4*o = -26, -2*g - 4*o = 4. Give a(g).
8
Let t(b) = b**2 + b + 2. Let d be t(0). Suppose -3*y = -d - 1. Let c(n) = 6*n - 1. Give c(y).
5
Let u(o) = 65*o - 45. Let t(s) = 3*s - 2. Let p(q) = 45*t(q) - 2*u(q). Let a = 6 + -5. What is p(a)?
5
Let j = -14/15 - -43/30. Let q(h) be the third derivative of 1/8*h**4 + 1/60*h**5 - 1/120*h**6 - h**2 + 0 + 0*h - j*h**3. What is q(2)?
-1
Let u(i) = -4*i + 2. Let c = 7 + -7. Let v(t) = -t**2 - t - 2. Let o be v(c). Give u(o).
10
Suppose -3*y = -2*q - 2*q - 91, -4*y = 2*q - 92. Suppose 2*i + y = d + 2*d, 4*i = 4*d - 40. Let z(t) = -1 + 2 + t + 0. What is z(i)?
-4
Let c(o) = o**3 - 7*o**2 - 3. Suppose 0 = -2*s + 3*p + 17, -5*s + 43 = -2*p + 6. Let h be c(s). Let n(k) = k**3 + 2*k**2 - k - 1. What is n(h)?
-7
Let i be ((-44)/55)/(2/5). Let k(y) = 3*y - 2. Give k(i).
-8
Let b be (14/35)/(1/5). Let s(g) = g**2 + 4*g - 2. Let f be s(-5). Let a(x) = -4*x + 3 + x**2 + x**b - x**f + 0*x. Determine a(2).
-5
Let p(g) = -g + 4. Suppose 0*x + t = 3*x - 2, -x - 2*t = -10. Let l be -4*-5*(-1)/(-4). Let c = l - x. Determine p(c).
1
Let x(m) = -1 + 7 + 3 - 9*m**2 - m**3 + m + 1. Give x(-9).
1
Let r(y) be the third derivative of -y**4/24 - y**3 + 4*y**2. Give r(0).
-6
Let l(q) be the first derivative of -q**4/4 - q**3/3 + q**2/2 - 15*q - 16. What is l(0)?
-15
Let k(l) = -l**2 +